{"id":523,"date":"2026-04-04T12:41:24","date_gmt":"2026-04-04T12:41:24","guid":{"rendered":"https:\/\/ozdurantarim.com\/?product=beni-unutma-cicegi-3"},"modified":"2026-04-04T12:41:24","modified_gmt":"2026-04-04T12:41:24","slug":"beni-unutma-cicegi-3","status":"publish","type":"product","link":"https:\/\/ozdurantarim.com\/?product=beni-unutma-cicegi-3","title":{"rendered":"Beni Unutma \u00c7i\u00e7e\u011fi"},"content":{"rendered":"<p>Gurme sunumlarda kullan\u0131lan hafif aromal\u0131 yenilebilir \u00e7i\u00e7ek.<\/p>\n","protected":false},"excerpt":{"rendered":"<p>Mavi aromatik \u00e7i\u00e7ek<\/p>\n","protected":false},"featured_media":0,"template":"","meta":[],"product_brand":[],"product_cat":[50],"product_tag":[51,70],"class_list":{"0":"post-523","1":"product","2":"type-product","3":"status-publish","5":"product_cat-yenilebilir-cicekler","6":"product_tag-edible","7":"product_tag-flower","8":"clearfix","10":"first","11":"instock","12":"shipping-taxable","13":"purchasable","14":"product-type-simple"},"_links":{"self":[{"href":"https:\/\/ozdurantarim.com\/index.php?rest_route=\/wp\/v2\/product\/523","targetHints":{"allow":["GET"]}}],"collection":[{"href":"https:\/\/ozdurantarim.com\/index.php?rest_route=\/wp\/v2\/product"}],"about":[{"href":"https:\/\/ozdurantarim.com\/index.php?rest_route=\/wp\/v2\/types\/product"}],"wp:attachment":[{"href":"https:\/\/ozdurantarim.com\/index.php?rest_route=%2Fwp%2Fv2%2Fmedia&parent=523"}],"wp:term":[{"taxonomy":"product_brand","embeddable":true,"href":"https:\/\/ozdurantarim.com\/index.php?rest_route=%2Fwp%2Fv2%2Fproduct_brand&post=523"},{"taxonomy":"product_cat","embeddable":true,"href":"https:\/\/ozdurantarim.com\/index.php?rest_route=%2Fwp%2Fv2%2Fproduct_cat&post=523"},{"taxonomy":"product_tag","embeddable":true,"href":"https:\/\/ozdurantarim.com\/index.php?rest_route=%2Fwp%2Fv2%2Fproduct_tag&post=523"}],"curies":[{"name":"wp","href":"https:\/\/api.w.org\/{rel}","templated":true}]}}