{"id":530,"date":"2026-04-04T12:41:24","date_gmt":"2026-04-04T12:41:24","guid":{"rendered":"https:\/\/ozdurantarim.com\/?product=perilla-yapragi-3"},"modified":"2026-04-04T12:41:24","modified_gmt":"2026-04-04T12:41:24","slug":"perilla-yapragi-3","status":"publish","type":"product","link":"https:\/\/ozdurantarim.com\/?product=perilla-yapragi-3","title":{"rendered":"Perilla Yapra\u011f\u0131"},"content":{"rendered":"<p>Japon ve Kore mutfa\u011f\u0131nda kullan\u0131lan perilla yapra\u011f\u0131.<\/p>\n","protected":false},"excerpt":{"rendered":"<p>Asya mutfa\u011f\u0131 yapra\u011f\u0131<\/p>\n","protected":false},"featured_media":0,"template":"","meta":[],"product_brand":[],"product_cat":[54],"product_tag":[77,88],"class_list":{"0":"post-530","1":"product","2":"type-product","3":"status-publish","5":"product_cat-mikro-yesillikler","6":"product_tag-asian","7":"product_tag-leaf","8":"clearfix","10":"first","11":"instock","12":"shipping-taxable","13":"purchasable","14":"product-type-simple"},"_links":{"self":[{"href":"https:\/\/ozdurantarim.com\/index.php?rest_route=\/wp\/v2\/product\/530","targetHints":{"allow":["GET"]}}],"collection":[{"href":"https:\/\/ozdurantarim.com\/index.php?rest_route=\/wp\/v2\/product"}],"about":[{"href":"https:\/\/ozdurantarim.com\/index.php?rest_route=\/wp\/v2\/types\/product"}],"wp:attachment":[{"href":"https:\/\/ozdurantarim.com\/index.php?rest_route=%2Fwp%2Fv2%2Fmedia&parent=530"}],"wp:term":[{"taxonomy":"product_brand","embeddable":true,"href":"https:\/\/ozdurantarim.com\/index.php?rest_route=%2Fwp%2Fv2%2Fproduct_brand&post=530"},{"taxonomy":"product_cat","embeddable":true,"href":"https:\/\/ozdurantarim.com\/index.php?rest_route=%2Fwp%2Fv2%2Fproduct_cat&post=530"},{"taxonomy":"product_tag","embeddable":true,"href":"https:\/\/ozdurantarim.com\/index.php?rest_route=%2Fwp%2Fv2%2Fproduct_tag&post=530"}],"curies":[{"name":"wp","href":"https:\/\/api.w.org\/{rel}","templated":true}]}}